. Let l be (-4)/12 + 28/v. Calculate the highest common divisor of l and 6.
3
Suppose 180 - 55 = 5*n - 5*z, 50 = 2*n + 3*z. What is the greatest common divisor of n and 55?
5
Let k be (0 + 9 - 21/(-28))*-8. Let a = k + 94. What is the greatest common factor of 176 and a?
16
Suppose g + 0 = -27. Let v be 1/(g/15 - -2). Suppose h = v, -3*z - 2*z = -2*h - 70. Calculate the greatest common factor of z and 80.
16
Let v(w) = 2*w + 4. Let m be (14/6 + -4)*3. Let r be v(m). Let g = r + 36. What is the highest common divisor of g and 30?
30
Let m(g) = 132*g**3 - 4*g + 2. Let t be m(1). What is the greatest common divisor of t and 20?
10
Suppose -3*z + 53 = -58. Let x = z + -27. What is the greatest common divisor of x and 2?
2
Let d be (-59)/(-7) - 18/42. Suppose 7*v - 3*v - d = 0. Calculate the greatest common divisor of 26 and v.
2
Let n = 476 - 465. Calculate the greatest common divisor of 3234 and n.
11
Let t(v) = 103*v - 302. Let c be t(3). Calculate the greatest common factor of c and 5.
1
Let x(g) = -g**2 - 11*g + 14. Let w be x(-11). Suppose -5*m + 6 + w = 0. Suppose -m = -p - 0*p. What is the greatest common factor of p and 1?
1
Suppose -7*j - 24 + 52 = 0. Calculate the greatest common factor of j and 288.
4
Let i = 159 + -71. Let f = -884 - -895. What is the greatest common factor of f and i?
11
Suppose 5*z = 3*s - 8*s + 65, 3*s = 2*z - 36. What is the greatest common factor of 240 and z?
15
Let b = 59 - 26. What is the highest common factor of b and 22?
11
Suppose -4*h + 5*j = 97, 4 = -h + 2*j - 24. Let v be 4/h - 812/(-9). Calculate the highest common factor of v and 10.
10
Let k(q) = 3*q**2 - 3*q + 3. Let j = 8 - 3. Let i be k(j). Suppose 2*o - i = 91. What is the highest common factor of 7 and o?
7
Let u(n) = 42*n. Let j be u(3). Suppose -4*z - z = -355. Suppose -19 = -5*i + z. Calculate the greatest common factor of i and j.
18
Suppose 0 = 59*w - 67*w + 840. What is the greatest common divisor of 21 and w?
21
Suppose 8*m - 3*m = 275. Suppose -3*f = 4*c + 180, c = -4*c + 3*f - 225. Let n = c + 50. What is the highest common divisor of m and n?
5
Let j = -264 - -313. Let y(h) = h + 1. Let t be y(6). What is the greatest common factor of t and j?
7
Suppose 2*d = 2*p - 500, 8*p - 4*p - 5*d - 997 = 0. What is the highest common divisor of 46 and p?
23
Suppose -4*x + 4*j = -924, -j + 225 = x - 0*j. Let i = x - 76. Calculate the highest common factor of i and 19.
19
Let r be 396/(-10) - ((-24)/20)/(-3). Let v be 75/7 + r/(-140). Suppose -3*t = -4*a - 2*t + 347, 435 = 5*a - t. What is the highest common factor of a and v?
11
Let d(k) = -3 - 4*k - 3 - 3*k + 9*k. Suppose 7 + 5 = 2*c. Let a be d(c). What is the greatest common divisor of 66 and a?
6
Let w = 1071 - 719. What is the greatest common factor of 160 and w?
32
Let q be ((-6)/(-9)*-1)/(2/(-75)). Calculate the highest common factor of 125 and q.
25
Suppose 4*g = 2*w + 72, -6*w - 156 = -w - 2*g. Let r be w/(-25)*(-40)/(-12). Calculate the greatest common divisor of 4 and r.
4
Let d = -2519 + 2577. Suppose 5*n - 3*n = 58. What is the greatest common divisor of n and d?
29
Let u = 252 - 210. What is the greatest common divisor of u and 966?
42
Let x(s) = 25*s**2 - 16*s - 38. Let w be x(-3). Calculate the highest common divisor of w and 47.
47
Let u(b) = 102*b**2 - b - 1. Let c be u(-1). Suppose 711 = -76*s + 5879. Calculate the highest common divisor of c and s.
34
Suppose 21 = -6*f - 9. Let j(o) = -o**2 - 2*o + 18. Let s be j(f). Calculate the highest common divisor of 2 and s.
1
Suppose t = 11*t - 1260. Suppose 6*z - 3*z = t. What is the highest common factor of 24 and z?
6
Let f be (-502)/(-22) + 4/22. Let n = -1263 - -2248. Suppose 0 = -5*d + n + 280. Calculate the highest common factor of d and f.
23
Let a = -250 + 481. Calculate the greatest common divisor of a and 21.
21
Let g be (-7)/(21/(-9)) + 53. Let i be (-8)/(-14) + 6632/g. Calculate the highest common factor of i and 34.
17
Let p = 17 - -35. Suppose 3*k - p = 2*k. Suppose 0 = 5*m - t - 62, -2*m + 57 = 5*t + 16. Calculate the highest common factor of m and k.
13
Let l be (-8)/20 - 160/(-25). Suppose -l*r + 154 = -224. Suppose m + 5*m - 54 = 0. What is the greatest common factor of r and m?
9
Let z = -209 - -228. Let t(a) = -8*a - 2. Let f be t(-5). What is the greatest common factor of f and z?
19
Let k = -17 - -116. Calculate the highest common divisor of 27 and k.
9
Let c = -40 - -53. Suppose -329 = 5*v + 261. Let s = v + 183. Calculate the highest common divisor of s and c.
13
Let a(w) = -w**2 + 13*w - 24. Let j be a(5). What is the greatest common divisor of j and 128?
16
Suppose 0 = 19*g - 11*g - 96. What is the highest common divisor of 30 and g?
6
Let m(u) = -u**2 - 28*u - 50. Let p be m(-22). Let z = 697 + -492. Calculate the greatest common divisor of p and z.
41
Let n(q) = q**2 + 10*q + 9. Let h be n(-10). Let g be 3*(-2)/(-6) + -5. Let x be -6*(-1)/g*-30. What is the greatest common divisor of h and x?
9
Suppose 8*f - 2408 = 6*f + 2*d, -10 = 2*d. What is the highest common factor of 22 and f?
11
Let l(p) = p**3 + 3*p**2 - 3*p - 28. Let i be l(4). What is the greatest common divisor of 120 and i?
24
Suppose 23*f - 4602 = 3954. What is the greatest common factor of 12 and f?
12
Let y(r) = r**2 + 5*r + 3*r**2 + 0*r - 3*r**2 + 9. Let g be y(-4). Suppose -2*d + c + 22 + 13 = 0, 0 = c - g. Calculate the highest common factor of d and 4.
4
Let g be (2/12 + (-1328)/192)*-4. What is the greatest common divisor of g and 9?
9
Suppose 5*l - 38 = -2*o, -3*o = -5*l - o + 22. Suppose l*b - b + 45 = 0. Let n = b - -33. Calculate the greatest common divisor of n and 16.
8
Let u = -470 - -866. What is the greatest common divisor of 144 and u?
36
Let z = 106 - 101. Calculate the greatest common divisor of z and 1.
1
Let p(i) = i**3 - 27*i**2 + 14. Let f be p(27). What is the highest common divisor of 35 and f?
7
Let q = 11 - -3. Let r be (-16)/(-12) + (-236)/(-12). What is the greatest common factor of r and q?
7
Let c(b) = -8*b + 103. Let u be c(12). Suppose 3*x + 14 = 5*x. What is the greatest common divisor of u and x?
7
Suppose -7*n + 6*n + 122 = 5*v, 5*n - 106 = -4*v. What is the greatest common divisor of 408 and v?
24
Let p = 67 + 57. Suppose 5*w = -11 + 1. Let j be w/(-4)*p - -2. Calculate the highest common divisor of j and 16.
16
Let f(w) = 2*w**2 + 14*w + 2. Let a be f(-6). Let l(c) = -2*c - 2. Let p be l(a). What is the greatest common factor of 27 and p?
9
Let m be -6*(-8)/(-24) + 3. What is the highest common divisor of m and 11?
1
Let g = 1522 + -1502. Suppose 0*j + 2*j - w - 66 = 0, -3*j - 3*w + 90 = 0. Let k be (j/g)/(1/5). What is the highest common divisor of k and 20?
4
Suppose 2*n = -2*n. Let u be n*2/8 + 9. Let k be 3/2*114/u. Calculate the greatest common factor of 152 and k.
19
Suppose 13*p = 7*p + 168. Let q(n) = n**3 - n + 140. Let a be q(0). Calculate the highest common factor of a and p.
28
Let c(x) = -x + 64. Let v be c(0). Let f(u) = 0 + 8*u - 2*u + 1 + 1. Let q be f(1). What is the greatest common divisor of v and q?
8
Suppose 3*w - 2 = 4*w. Let o(i) = -6*i + 1. Let q be o(w). Calculate the highest common divisor of 26 and q.
13
Let j(a) be the first derivative of -3*a**2 - 9*a + 5. Let t be j(-6). Calculate the highest common factor of 108 and t.
27
Let b = -713 - -853. Calculate the greatest common divisor of b and 4.
4
Suppose 2*a = 8*a - 6. Suppose 0 = 4*u - a - 43. Suppose -4*q + 308 = 4*k, 0 = -4*k + 2*k - 3*q + 154. What is the greatest common divisor of u and k?
11
Suppose -l - g - 524 = -2594, -6210 = -3*l - g. Calculate the highest common divisor of l and 115.
115
Let g(l) = -l**3 + 3*l**2 - 1. Let x be g(2). Suppose 1097*d = 1099*d - 8. Let p be (-2 - -1) + d + x. Calculate the highest common divisor of 3 and p.
3
Let m = 64 - 65. Let d be -2 + (-2)/(m*(-4)/(-6)). Calculate the greatest common divisor of d and 2.
1
Suppose -3*w - 10 - 26 = 0. Let l be 6*(-4)/w + 2. What is the greatest common factor of l and 1?
1
Let r be 5/(-1) - (-8 + 4). Let b be (-22)/r*(-3 - (-42)/12). Suppose 3*s + 4*z = 95, -2*z + 164 = 5*s - z. What is the greatest common factor of b and s?
11
Let v be (-15 + -28)*(3 - 0). Let m be v/(-18) - 1/6. Suppose -3*b + 33 = 3*l, 2*l + 15 = 3*l + 2*b. Calculate the greatest co